 be r(12). Suppose 5*a = 4*i + 915, a = -a - 4*i + c. What are the prime factors of a?
11, 17
Suppose 0 = 2*j - 10*j + 16. Let p(g) = 17*g**2 + 3*g + 1. List the prime factors of p(j).
3, 5
Let s be 2 + 0 - ((-85)/(-1))/1. Suppose -2*f - 22 = 50. Let n = f - s. What are the prime factors of n?
47
Suppose 146*s = 123*s + 55361. List the prime factors of s.
29, 83
Suppose 5*p = 3*b + 33, -p - 3*b + 6 = 3. Suppose 128 + 220 = p*g. List the prime factors of g.
2, 29
Suppose -r - 5 = -5*y - 241, -r = -2*y - 245. What are the prime factors of r?
251
Let n(l) = -2*l**3 + 26*l**2 - 19*l - 49. What are the prime factors of n(11)?
2, 113
Let f(k) = -k**2 + 5*k - 4. Let o be f(3). Let w be ((-24)/(-9))/(o/(-6)). Let a = w - -13. List the prime factors of a.
5
Let y be 61*-2*3/(-3). Suppose -8 = -4*p, -5*h - 3*p + y = -2*p. List the prime factors of h.
2, 3
Suppose -148 = -k + 166. Suppose 5*t - k = 6. What are the prime factors of t?
2
Let s(o) = 5*o**2 + o - o - 2*o**3 - 4 + 3*o. What are the prime factors of s(-3)?
2, 43
List the prime factors of (-2 - 399/(-3))*(22 + -19).
3, 131
Let j be 388/24 + (-2)/12. Suppose 2*i - 4*a = j, 4 + 0 = -a. What are the prime factors of (-3 - -12)*(i - -1)?
3
What are the prime factors of (-1)/((0 - 6/(-13548))*-2)?
1129
Let w = -1058 - -1647. What are the prime factors of w?
19, 31
Suppose 0 = -4*h - 4*a + 4, 0*a - 9 = -3*a. Let v be (-146)/(-10) + 4/10. What are the prime factors of (4/(-5))/(h/v)?
2, 3
Suppose -h - 3*h + 12 = 0, 3*g - 5*h = 45. Suppose -2*y = 2*y - g. Suppose -5*i + w = -145, y*i + 0*w - 130 = -2*w. List the prime factors of i.
2, 7
Let f be (1*-8)/(3/12). Let w = -21 - f. Suppose 0*g = g - w. What are the prime factors of g?
11
Let q(p) = -p + 8. Let v be q(12). Let m be 3 + 0/v*1. List the prime factors of (m + 4)/(2/10).
5, 7
Suppose 629*z - 624*z = 725. List the prime factors of z.
5, 29
Let v be (-9)/6*(-8)/6. Suppose v + 0 = q - 4*c, -3*q + 61 = -c. What are the prime factors of q?
2, 11
Suppose -8*l + 100 = -4*l. Let b = -20 + l. What are the prime factors of b?
5
Let x(v) = v**2 + 7*v + 9. Let y be x(-3). List the prime factors of ((-60)/(-25))/(y/(-20)).
2
Suppose 0 = -10*q + 4*q + 690. Let m = 134 - q. List the prime factors of m.
19
Suppose -706 + 2067 = a. What are the prime factors of a?
1361
Let u(k) = -21*k - 16. Let p be u(-6). Let v = p - 76. What are the prime factors of v?
2, 17
Let k be -9*(20/(-6))/(-1). Let l be (-1)/(-5) + (-54)/k. Suppose 7 = -l*a + 41. List the prime factors of a.
17
Suppose -154 = 13*u - 37. What are the prime factors of 228/u*21/(-4)?
7, 19
Suppose -13*k - 985 + 10150 = 0. What are the prime factors of k?
3, 5, 47
Let r(o) = o**3 - 6*o**2 - o + 10. Let d be r(6). Suppose -4*l - 8 = 0, -4*t + d*l = l - 274. List the prime factors of t.
67
Let p(f) = 2*f**2 + 19*f + 20. Let g(j) = j**2 - 9*j + 8. Let b be g(5). What are the prime factors of p(b)?
2, 5
Suppose 7*d = 2*d + 20. Suppose 6*m - 4*x = m + 1118, 0 = -d*m - 3*x + 913. What are the prime factors of m?
2, 113
Let m be (-120)/50*320/(-6). Suppose -4*c = -4*f - m, f + 35 = 2*c - 28. List the prime factors of c.
31
Let i = 8706 + -4708. What are the prime factors of i?
2, 1999
Let f(g) = -g**3 - 8*g**2 - 3*g + 10. Let j be (3 - 5) + 4 + -11. Let v = 1 + j. What are the prime factors of f(v)?
2, 17
Let k(u) = 2*u**3 - 2*u**2 + u - 3. Let b be k(3). Let h be 84/15 - 12/20. Suppose -2*j - b = -h*j. What are the prime factors of j?
2, 3
Suppose -15*x + 3574 - 934 = 0. What are the prime factors of x?
2, 11
Let o = 5602 + -3281. What are the prime factors of o?
11, 211
Suppose -7*x = -10*x + v + 229, 4*x = -v + 303. Let z = x + 29. List the prime factors of z.
3, 5, 7
Suppose 2*m - 44 - 42 = 0. Suppose f = m - 9. What are the prime factors of f?
2, 17
Suppose -2*h + 6 = 0, -u + 11082 = 3*u - 2*h. Suppose 0 = -18*x + 29*x - u. List the prime factors of x.
2, 3, 7
Suppose -4*y = 1 + 3, -554 = -3*b + 5*y. What are the prime factors of b?
3, 61
Let d be ((-20)/(-40))/((-2)/(-8)). List the prime factors of (d/(-3))/(28/(-10248)).
2, 61
Let t(o) = o**2 - 5*o - 7. Suppose l - 2*m = 19, -l - l - m + 18 = 0. What are the prime factors of t(l)?
59
Let u(g) = -33*g**3 + 2*g + 1. Suppose -6*w = -2*w + 44. Let j(n) = -n - 12. Let q be j(w). List the prime factors of u(q).
2
Let y(i) = 2*i**2 + 6*i + 3. Let b be y(-4). Suppose 0 = 2*a - b + 5. Suppose -a*l - 2*l - 220 = -5*p, -p + 4*l = -38. List the prime factors of p.
2, 23
Let u be 1/(-2)*(-2 - 8). Let z(n) = 4*n**2 + 3*n + 2. Let s be z(-2). Suppose -s - 13 = -u*m. List the prime factors of m.
5
Let d = 263 - 184. Suppose -t = 5*r + 54, -3*t + 5*r = t + 116. Let z = t + d. List the prime factors of z.
3, 5
Let b(s) = 104*s**3 + s - 2. Let r be ((-3)/(9 + -3))/(2/(-4)). What are the prime factors of b(r)?
103
Suppose -6*q - 24 = -0*q. What are the prime factors of (29/(-2))/(2/q)?
29
Let z(u) = 4*u**2 + 23 - u - 23 + 0*u. Let b be z(1). Suppose -b*n + 61 - 2 = 5*h, 4*h - 3 = n. List the prime factors of n.
13
Let z(c) = 16*c**2 + 5*c - 7. What are the prime factors of z(8)?
7, 151
Let w(m) = 2*m**2 - 30*m - 75. What are the prime factors of w(-18)?
3, 7, 53
Suppose -5*u + z = -36, 5*u - 7 = -5*z + 23. Suppose -2*a + 74 = 4*r, -3*a - 44 = -4*r + 35. Suppose -3*y + r = u. List the prime factors of y.
2
Suppose 16 - 11 = d. Suppose -3*j = d*b - 1077, -b + 4*j = 5*j - 215. What are the prime factors of b?
2, 3
Suppose -4*n + 1036 + 48 = 0. What are the prime factors of n?
271
Suppose -4*h + 12 = -0*h, 4*t + 353 = -5*h. Let m = -54 - t. List the prime factors of m.
2, 19
Let a(m) = 20*m**3 + 15*m**2 - 20 + 20*m**3 + 4*m - 41*m**3. What are the prime factors of a(15)?
2, 5
Let s = -106 + 404. List the prime factors of s.
2, 149
Let v(w) = -w**2 - w + 2044. What are the prime factors of v(0)?
2, 7, 73
Let d(q) = -q**2 - 3*q + 3. Let c be d(-3). Suppose c*o - 156 + 57 = 0. What are the prime factors of o?
3, 11
Suppose 7*b - 312 = 5645. List the prime factors of b.
23, 37
Let y = 2584 + -1896. List the prime factors of y.
2, 43
Let j be 26/(-5)*5/(-1). Suppose 9 = 2*k + k. Suppose 4*y = q + 41, -2*y + k*y - j = -5*q. List the prime factors of y.
11
Let h(i) = 30*i**2 - 8*i - 5. List the prime factors of h(5).
3, 5, 47
Let y(z) = 274*z + 1. Let h be y(1). Suppose h = -5*p + 10*p. List the prime factors of p.
5, 11
Suppose -u + 7*h - 11 = 3*h, -2*u - h + 23 = 0. Let y = u - -10. Let q = y + 3. List the prime factors of q.
2, 11
Suppose -63*s = -66*s + 4332. List the prime factors of s.
2, 19
Let r = -20 - 191. Let i = -90 - r. What are the prime factors of i?
11
List the prime factors of (49 - 68)*-1*1.
19
Suppose 3828 = 4*a + 4*x, 1808 = 2*a + 4*x - 114. List the prime factors of a.
953
Suppose 2*t + 666 = 8*t. Suppose 9*y - t - 258 = 0. What are the prime factors of y?
41
Suppose 34*w = 1243 + 3925. What are the prime factors of w?
2, 19
Let b(w) be the third derivative of 7*w**4/24 + 14*w**3/3 - 5*w**2. What are the prime factors of b(10)?
2, 7
Let n(j) = 29 - 19 + 3*j**2 - 11 + j. Let x be n(1). List the prime factors of (-1)/x + 38/6.
2, 3
Let t be 3 + -1 - (-124 - -2). Let p = t + -44. List the prime factors of p.
2, 5
Suppose 3*v = 1053 + 1158. What are the prime factors of v?
11, 67
Let h(c) = -2*c + 16. Let v = -31 + 9. Let n = v - -27. What are the prime factors of h(n)?
2, 3
Suppose 26 = 4*u - 5*z, 2*u = 6*u - z - 18. Suppose -u*v - 34 = -o + 3*o, 0 = 4*o + 2*v + 50. Let w = 30 + o. List the prime factors of w.
19
Suppose 15*r = 9*r - 48. List the prime factors of -2 - (-38 + r/2).
2, 5
Suppose 3*y + 81 = -3*r, 57 = -5*r + 67. Suppose -2*u = 3*u - 330. Let i = y + u. What are the prime factors of i?
37
Let r = 22 - 19. Suppose 0 = -2*w - 4*y + 32, -5 = -8*y + r*y. Suppose 0 = n + g - 7, -4 = -2*g - w. What are the prime factors of n?
2, 3
Suppose -35*r + 44*r - 1224 = 0. List the prime factors of r.
2, 17
Let c = 34 - -591. Suppose 3*i = 4*b - 819, -2*b - 208 = -3*i - c. List the prime factors of b.
3, 67
Suppose 2*c = f + 1496 - 313, 3*c - f = 1772. What are the prime factors of c?
19, 31
Let y = 37 + -22. Suppose y*s = 7*s + 1552. List the prime factors of s.
2, 97
Let o(m) = 5*m**2 + 4*m + 3. Let w be o(-1). Suppose h - v - 169 = 2*v, -5*h - w*v + 788 = 0. What